o - l, -5 = 5*l. List the prime factors of o.
3
Let w(y) = 9*y - 30. Suppose -8 = f - 2*f. Suppose 19 = f*h - 37. What are the prime factors of w(h)?
3, 11
Let z(u) = u**3 - 3*u**2 - 2*u - 14. Let p be z(8). Let r = 42 + -39. Suppose -r*k + p = 8. List the prime factors of k.
2, 47
Let q(b) = b**2 + 13*b + 30. Let m be q(-6). List the prime factors of (0 + 46)/(28/m - -3).
3, 23
Let y be -114*1062/4*(-1)/3. Suppose -24*o + y = -3303. List the prime factors of o.
2, 3, 31
Let b(i) = 357*i - 375. List the prime factors of b(15).
2, 3, 5, 83
Let c = 64 + -51. Suppose -c*g - 23*g + 8568 = 0. List the prime factors of g.
2, 7, 17
Let m = 56 + -22. Suppose -2*c + c + m = 0. Let t = c - -48. What are the prime factors of t?
2, 41
Suppose 481293 = 4*a - g + 161625, 4*a - 2*g - 319668 = 0. What are the prime factors of a?
3, 17, 1567
Let a = 616 + -1180. List the prime factors of (a/(-10))/(6/40).
2, 47
Let k(q) = -q + 217. Let v be k(0). Suppose 2*x = -5*o + v + 140, x + 4*o - 186 = 0. List the prime factors of x.
2, 83
Suppose -2 = 3*q + 4*h + 1, 5*q - 3 = -4*h. Suppose -13*r + 3808 = q*r. What are the prime factors of r?
2, 7, 17
Let a(l) = 2*l**3 - l**2 + l. Let c(m) = 9*m**3 - 23*m**2 + 10*m - 55. Let f(t) = -4*a(t) + c(t). List the prime factors of f(19).
59
Suppose 4*n + 4 = o, n + 45 = 4*o - o. Suppose -4*w - 2*t = -o, 0*t = 5*t. Suppose -w*k = -15 - 89. What are the prime factors of k?
2, 13
Suppose 34*l + 32*l - 914992 = 13*l. What are the prime factors of l?
2, 13, 83
What are the prime factors of (72/(-15))/(-4) + ((-1547371)/(-35))/7?
6317
Suppose 0*h + h - 42 = 0. Let t be (h/5)/(48/1600). What are the prime factors of (1440/t)/((9/(-98))/(-3))?
2, 3, 7
Suppose -60987 = -37*i + 34*i + 4*x, -2*i + 40675 = 3*x. List the prime factors of i.
20333
Suppose -13*p = 333 - 4584. Let f = p - -22. What are the prime factors of f?
349
Let m = 4512 + -1160. List the prime factors of m.
2, 419
Suppose -22 = -2*c - 2*b - 0*b, -5*b + 16 = 2*c. Let h(u) = 2*u**2 + c*u**3 + 16*u**3 - u - 30*u**3 - 4. What are the prime factors of h(-3)?
2, 11
Let g(m) = 15*m**2 - 7*m**2 + 28 - 9*m**2 + 30*m. What are the prime factors of g(16)?
2, 3, 7
Suppose 12*z = 7*z + 5370. Let i = z - 474. List the prime factors of i.
2, 3, 5
Let u be (-4)/(-14) + (-2241)/(-21). Suppose -2*i + 2 + 88 = -2*s, 3*s + 4*i = -u. Let k = 94 + s. What are the prime factors of k?
53
What are the prime factors of (-12)/(-18) + 212440/12 + -13?
3, 5897
Let y(a) = a**2 - 14*a + 10. Let n be y(13). Let j = -5 - n. What are the prime factors of 47/(2/((-4)/j))?
47
Let r(h) = 7*h - 14 + 13 + h + 4*h**2. Let i(x) = 7*x**2 + 16*x - 3. Let p(b) = -6*i(b) + 13*r(b). What are the prime factors of p(3)?
7, 17
Let k(j) = 21154*j**3 - 3*j**2 - 3*j + 4. List the prime factors of k(1).
2, 661
Suppose -a = -0*a - 7. Let r be a - (-12445)/10 - 2/(-4). Suppose 6*w = 5*v + 7*w - r, -2*v = -5*w - 517. List the prime factors of v.
251
Let x(l) = l**3 - l**2 + l + 7. Let v be x(0). Let t be 118/2 - 18/(-1 + v). Let k = t - -11. List the prime factors of k.
67
Suppose -3*b - 21*r + 13 = -22*r, -4*r = 3*b - 23. Suppose -34*w + b*w + 16356 = 0. What are the prime factors of w?
2, 3, 47
Let n be (5 + 0/(-5) - 4)*4. Suppose -6 = 3*f, 3*z - 10 = -n*f + 3*f. What are the prime factors of z?
2
Let s(m) = 39*m**2 + 26*m - 31*m**2 - 2 + 37*m**2. What are the prime factors of s(-4)?
2, 307
Let x(i) = 345*i + 4780. What are the prime factors of x(121)?
5, 1861
Let a = -19 - -21. Suppose 5*u - w = 3622, -2*w = -a*u + 696 + 756. List the prime factors of 8/28 - u/(-14).
2, 13
Suppose -21*d + 4 + 122 = 0. Let s(g) = 2*g**3 + 6*g**2 + 4*g - 7. What are the prime factors of s(d)?
5, 7, 19
Let r(j) = j**3 - 4*j**2 - 97*j + 4. Let x be r(-8). Let v be 0*(-2)/(1 - -1). Suppose -x*d + d + 693 = v. List the prime factors of d.
3, 7
Let k be 6/4 - ((-858)/(-4) - 3). Let c be ((-160)/(-15))/((-4)/k). Suppose -c = -4*g - 3*g. What are the prime factors of g?
2, 5
What are the prime factors of (-9414)/(-5) + (-60)/(-50) + -7?
1877
What are the prime factors of (4469 - (15/17 - 112/(-952))) + 5?
3, 7, 71
Let p be (16/(-6))/((-56)/12 - -4). Let k be ((-1)/(-1))/((-1)/(-149)). Suppose -p*a - k = -377. List the prime factors of a.
3, 19
Let d(x) = 2*x + 14. Suppose 4*y = -1 - 19. Let p be d(y). What are the prime factors of -51*p/6*-1?
2, 17
Let z(c) = 696*c**2 - 5*c + 8. What are the prime factors of z(7)?
3, 37, 307
Suppose 2 = 2*m, 4*c - 13*m + 15*m = 630. Suppose -c - 13298 = -23*z. What are the prime factors of z?
3, 5, 13
Suppose -24365 = -3*z + 4*l, 61*z - 8*l = 62*z - 8159. List the prime factors of z.
3, 7, 43
Let k = 43 - 29. Suppose 15*q = k*q. Suppose 4*l - 2*m = 86, 2*m + 2 + 0 = q. What are the prime factors of l?
3, 7
Let u(z) = 517*z**2 + 59*z - 356. What are the prime factors of u(6)?
2, 5, 1861
Suppose -2*f = -54 + 18. Suppose 17*c + 4 = f*c. Suppose 0 = 7*m - c*m - 204. What are the prime factors of m?
2, 17
Let w(m) = -20*m - 17. Let u(d) = -d**2 + 7*d - 16. Let z be u(6). Let b be w(z). Let l = b - 96. What are the prime factors of l?
3, 29
Let h(s) = -120*s - 885. Let t be h(-7). Suppose 0 = 2*v, 219 = 4*q - 3*v - 209. Let m = t + q. What are the prime factors of m?
2, 31
Suppose 4*d + 0*d = -84. Let g be (-18)/42 - 93/d. Suppose 0 = -2*p + 5*p + 2*v - 172, 0 = -g*p - 4*v + 224. What are the prime factors of p?
2, 3, 5
Let h = 16 + 20. Let x be (-84072)/27 + (-8)/h. What are the prime factors of (-14)/49 - x/21?
2, 37
Let w(x) be the second derivative of -17*x**4/6 + x**3 - 5*x**2 + 22*x. Let b(f) = -1. Let d(t) = 6*b(t) - w(t). What are the prime factors of d(2)?
2
Suppose 42*r - 37*r - 18100 = 0. Suppose 112*b = 116*b - r. List the prime factors of b.
5, 181
Suppose -30 = 13*o - 3*o. List the prime factors of 1/o + (-10)/(-3).
3
Suppose -14*d + 55134 = 9564. List the prime factors of d.
3, 5, 7, 31
Let o = 35976 - 16687. List the prime factors of o.
19289
Let f be ((-1)/1 - (-60)/12) + 7. Suppose 41 - f = -3*s. List the prime factors of (56*s/(-15))/((-2)/(-6)).
2, 7
Let r(v) = -v**3 + 16*v**2 + 17*v + 2. Let l be r(17). Let d(u) = 9*u**2 - 14*u - 15*u**l + 5*u**2 + 19. List the prime factors of d(-13).
2
Let i = 247 - 245. Suppose -5*g = 25, -i*u + 5*u = -g + 1390. List the prime factors of u.
3, 5, 31
Suppose 0 = 20*s + 10796 - 161376. What are the prime factors of s?
7529
Let y = -137 - 87. Let f = -112 - y. Suppose 2*q = -2*z + 108, -4*z = 2*q - z - f. List the prime factors of q.
2, 5
Suppose 9*q - 752 = 607. Suppose -4*c + 197 = -q. Suppose -2*h - 197 = -5*u + 64, -5*h = 2*u - c. List the prime factors of u.
3, 17
Suppose -4*l + 57 = 5*f, 4*l + 2*f - 12 = 30. Suppose 2*r - l = -0*r. Suppose b = 4*t + 88, r*b - 5 = 2*t + 277. List the prime factors of b.
2, 17
Suppose 0 = z + 3*o - 6322, -o - 16258 = -5*z + 15416. List the prime factors of z.
2, 3167
Let k be 7*(2/4 + -1)*2. Let q = -6 - k. List the prime factors of q/(-4) - (-2 + (-1745)/20).
89
List the prime factors of (-8 + 10 - 11254)*(-5)/4.
5, 29, 97
Suppose 4 = -7*k + 3*k. Suppose 94 = 4*j + 2*f - 46, f + 32 = j. What are the prime factors of (51/j)/(k/(-70))?
3, 5, 7
Let c(x) = -46*x**3 - 27*x**2 - 139*x - 12. What are the prime factors of c(-10)?
2, 89, 251
Let w(s) = 61*s**2 + 5*s + 6. Let j be w(-3). Let m = j + -313. List the prime factors of m.
227
Let a be -1*(1 - -3) - -484. Suppose -3*h = -g + a, 0 = 2*g - h + 5*h - 950. What are the prime factors of g?
3, 53
Let d(x) = -x**2 - 18*x - 5. Let f be 3 + -3*(-2)/6. Suppose f*c + 19 = 3. What are the prime factors of d(c)?
3, 17
Let w = 108 - 75. Suppose -3*p + a + w = 4*a, a = 3*p - 13. Suppose 3*i - p*i + 594 = 0. List the prime factors of i.
2, 3, 11
Let h = -4920 + 11171. List the prime factors of h.
7, 19, 47
Suppose 31*m + 1139 + 1087 - 242 = 0. Suppose 3*t - 4068 = -3*g, 0*t - 5*t - 6760 = -5*g. List the prime factors of g/8 - 48/m.
2, 5, 17
Let f be ((-5425)/(-14))/((-3)/(-30)). Suppose 4*t = -5*j + 1998 + 1102, -3*j - f = -5*t. What are the prime factors of t?
5, 31
Let o = -64 - -344. Suppose -2*f - 3*d + 213 = f, 4*f - o = -5*d. Let w = 131 - f. What are the prime factors of w?
2, 7
Let l = 250 + -247. Suppose i + 3*q = 100, -9 = l*q - 6*q. What are the prime factors of i?
7, 13
Let s(l